{"id":658,"date":"2020-03-11T17:17:12","date_gmt":"2020-03-11T16:17:12","guid":{"rendered":"http:\/\/oncngs.eu\/?page_id=658"},"modified":"2022-12-22T16:16:08","modified_gmt":"2022-12-22T15:16:08","slug":"about","status":"publish","type":"page","link":"https:\/\/oncngs.eu\/index.php\/about\/","title":{"rendered":"About OncNGS"},"content":{"rendered":"<p>[vc_row][vc_column][vc_column_text]<\/p>\n<h2>The project<\/h2>\n<p style=\"font-family: Rubik; color: black;\">OncNGS consortium wishes to develop novel affordable solutions to provide the best NGS tests, for all solid tumours \/ lymphomas patients, forever. Thanks to the provided solutions, oncNGS consortium wish to address their common identified unmet medical needs:<\/p>\n<!-- \/wp:paragraph -->\n<p style=\"font-family: Rubik;\"><!-- wp:list --><\/p>\n<ul>\n<li>Establishment of valuable common tumour profiling strategy allowing to provide equal access to innovative medicines to all;<\/li>\n<li>Enable to perform outcome research analysis after treatments with targeted therapies as diverse testing leads to lowering the pooling capacity of obtained results, needed to obtain large enough sample numbers to perform statistics analyses;<\/li>\n<li>Application of such essential testing to all patients, breaking down current unacceptable inequities due to the high costs of current diagnostics tests.<\/li>\n<\/ul>\n<!-- \/wp:list -->\n<!-- wp:paragraph -->\n<p style=\"font-family: Rubik; color: black;\">The challenge will consist in providing:<\/p>\n<ol>\n<li>efficient molecular DNA\/RNA profiling of tumour-derived material in liquid biopsies by means of<\/li>\n<li>pan-cancer tumour marker analysis kit including NGS analysis integrated with<\/li>\n<li>an ICT decision support system including analytical test interpretation and reporting.<\/li>\n<\/ol>\n<p style=\"font-family: Rubik;\"><!-- wp:image {\"id\":1744,\"sizeSlug\":\"large\"} --><\/p>\n<figure class=\"wp-block-image size-large\"><figure id=\"attachment_1744\" aria-describedby=\"caption-attachment-1744\" style=\"width: 1024px\" class=\"wp-caption alignnone\"><img loading=\"lazy\" decoding=\"async\" class=\"wp-image-1744\" src=\"https:\/\/oncngs.eu\/wp-content\/uploads\/2020\/07\/figure2-1024x568.png\" alt=\"\" width=\"1024\" height=\"568\" srcset=\"https:\/\/oncngs.eu\/wp-content\/uploads\/2020\/07\/figure2-1024x568.png 1024w, https:\/\/oncngs.eu\/wp-content\/uploads\/2020\/07\/figure2-300x166.png 300w, https:\/\/oncngs.eu\/wp-content\/uploads\/2020\/07\/figure2-768x426.png 768w, https:\/\/oncngs.eu\/wp-content\/uploads\/2020\/07\/figure2-1536x852.png 1536w, https:\/\/oncngs.eu\/wp-content\/uploads\/2020\/07\/figure2-600x333.png 600w, https:\/\/oncngs.eu\/wp-content\/uploads\/2020\/07\/figure2.png 2014w\" sizes=\"(max-width: 1024px) 100vw, 1024px\" \/><figcaption id=\"caption-attachment-1744\" class=\"wp-caption-text\">Process of DNA\/RNA profiling on samples from cancer patients.<\/figcaption><\/figure>\n<\/figure>\n<p style=\"font-family: Rubik; color: black;\">The figure above is picturing the overall process of DNA\/RNA profiling of samples from cancer patients, from sample collection to reporting. The pre-analytical phase consisting in isolation of DNA\/RNA analyte from samples (tissue of blood specimen) is out of scope of the oncNGS project. OncNGS starts with the wetlab steps for preparation of the NGS analysis. The generated sequences are then bioinformatically compiled and different types of variants are being identified. All relevant variants are then integrated into a report that will be used by the clinicians in their interpretation and diagnosis of the tumor.<\/p>\n<h2>\u00a0<\/h2>\n<h2>The consortium<\/h2>\n<p style=\"font-family: Rubik; color: black;\"><img loading=\"lazy\" decoding=\"async\" class=\"wp-image-1948 alignleft\" src=\"https:\/\/oncngs.eu\/wp-content\/uploads\/2021\/04\/partners-copy-1024x1024.png\" alt=\"\" width=\"291\" height=\"291\" srcset=\"https:\/\/oncngs.eu\/wp-content\/uploads\/2021\/04\/partners-copy-1024x1024.png 1024w, https:\/\/oncngs.eu\/wp-content\/uploads\/2021\/04\/partners-copy-300x300.png 300w, https:\/\/oncngs.eu\/wp-content\/uploads\/2021\/04\/partners-copy-150x150.png 150w, https:\/\/oncngs.eu\/wp-content\/uploads\/2021\/04\/partners-copy-768x768.png 768w, https:\/\/oncngs.eu\/wp-content\/uploads\/2021\/04\/partners-copy-1536x1536.png 1536w, https:\/\/oncngs.eu\/wp-content\/uploads\/2021\/04\/partners-copy-2048x2048.png 2048w, https:\/\/oncngs.eu\/wp-content\/uploads\/2021\/04\/partners-copy-600x600.png 600w, https:\/\/oncngs.eu\/wp-content\/uploads\/2021\/04\/partners-copy-100x100.png 100w\" sizes=\"(max-width: 291px) 100vw, 291px\" \/> OncNGS is a strong consortium composed of 8 buyers from 5 member states<\/p>\n<ul>\n<li><a href=\"https:\/\/www.sciensano.be\/en\">Sciensano<\/a> (Belgium)<\/li>\n<li><a href=\"https:\/\/www.bordet.be\/\">Institut Jules Bordet<\/a> (Belgium)<\/li>\n<li><a href=\"https:\/\/curie.fr\/\">Institut Curie<\/a> (France)<\/li>\n<li><a href=\"https:\/\/www.chu-lyon.fr\/fr\">Hospices Civils de Lyon<\/a> (France)<\/li>\n<li><a href=\"https:\/\/www.charite.de\/\">Charite Universitaetsmedizin<\/a> (Germany)<\/li>\n<li><a href=\"https:\/\/www.uni-muenchen.de\/index.html\">Ludwig Maximilians Universitaet Muenchen<\/a> (Germany)<\/li>\n<li><a href=\"https:\/\/www.alleanzacontroilcancro.it\/\">Alleanza Contro il Cancro<\/a> (Italy)<\/li>\n<li><a href=\"http:\/\/ico.gencat.cat\/ca\/inici\">Institut Catala d\u2019Oncologia<\/a> (Spain)<\/li>\n<\/ul>\n<p>&nbsp;<\/p>\n<p>&nbsp;<\/p>\n<p>&nbsp;<\/p>\n<p><img loading=\"lazy\" decoding=\"async\" class=\"alignleft wp-image-1952\" src=\"https:\/\/oncngs.eu\/wp-content\/uploads\/2021\/04\/sciensano_logo_mobile.png\" alt=\"\" width=\"142\" height=\"30\" \/><img loading=\"lazy\" decoding=\"async\" class=\"alignleft wp-image-1960\" src=\"https:\/\/oncngs.eu\/wp-content\/uploads\/2021\/04\/bordet-logo-nobg.png\" alt=\"\" width=\"112\" height=\"53\" srcset=\"https:\/\/oncngs.eu\/wp-content\/uploads\/2021\/04\/bordet-logo-nobg.png 450w, https:\/\/oncngs.eu\/wp-content\/uploads\/2021\/04\/bordet-logo-nobg-300x141.png 300w\" sizes=\"(max-width: 112px) 100vw, 112px\" \/><img loading=\"lazy\" decoding=\"async\" class=\"alignleft wp-image-1951\" src=\"https:\/\/oncngs.eu\/wp-content\/uploads\/2021\/04\/Logo_Curie.png\" alt=\"\" width=\"69\" height=\"69\" srcset=\"https:\/\/oncngs.eu\/wp-content\/uploads\/2021\/04\/Logo_Curie.png 400w, https:\/\/oncngs.eu\/wp-content\/uploads\/2021\/04\/Logo_Curie-300x300.png 300w, https:\/\/oncngs.eu\/wp-content\/uploads\/2021\/04\/Logo_Curie-150x150.png 150w, https:\/\/oncngs.eu\/wp-content\/uploads\/2021\/04\/Logo_Curie-100x100.png 100w\" sizes=\"(max-width: 69px) 100vw, 69px\" \/><img loading=\"lazy\" decoding=\"async\" class=\"alignleft wp-image-1963\" src=\"https:\/\/oncngs.eu\/wp-content\/uploads\/2021\/04\/HCL-logo_2019.jpg\" alt=\"\" width=\"67\" height=\"66\" srcset=\"https:\/\/oncngs.eu\/wp-content\/uploads\/2021\/04\/HCL-logo_2019.jpg 350w, https:\/\/oncngs.eu\/wp-content\/uploads\/2021\/04\/HCL-logo_2019-300x300.jpg 300w, https:\/\/oncngs.eu\/wp-content\/uploads\/2021\/04\/HCL-logo_2019-150x150.jpg 150w, https:\/\/oncngs.eu\/wp-content\/uploads\/2021\/04\/HCL-logo_2019-100x100.jpg 100w\" sizes=\"(max-width: 67px) 100vw, 67px\" \/><img loading=\"lazy\" decoding=\"async\" class=\"alignleft wp-image-1961\" src=\"https:\/\/oncngs.eu\/wp-content\/uploads\/2021\/04\/charite-universitaetsmedizin-berlin-logo-vector.png\" alt=\"\" width=\"93\" height=\"52\" srcset=\"https:\/\/oncngs.eu\/wp-content\/uploads\/2021\/04\/charite-universitaetsmedizin-berlin-logo-vector.png 900w, https:\/\/oncngs.eu\/wp-content\/uploads\/2021\/04\/charite-universitaetsmedizin-berlin-logo-vector-300x167.png 300w, https:\/\/oncngs.eu\/wp-content\/uploads\/2021\/04\/charite-universitaetsmedizin-berlin-logo-vector-768x427.png 768w, https:\/\/oncngs.eu\/wp-content\/uploads\/2021\/04\/charite-universitaetsmedizin-berlin-logo-vector-600x333.png 600w\" sizes=\"(max-width: 93px) 100vw, 93px\" \/><a href=\"http:\/\/ico.gencat.cat\/ca\/inici\" target=\"_blank\" rel=\"noopener noreferrer\"><img loading=\"lazy\" decoding=\"async\" class=\"alignleft wp-image-1964\" src=\"https:\/\/oncngs.eu\/wp-content\/uploads\/2021\/04\/ico.png\" alt=\"\" width=\"127\" height=\"49\" srcset=\"https:\/\/oncngs.eu\/wp-content\/uploads\/2021\/04\/ico.png 650w, https:\/\/oncngs.eu\/wp-content\/uploads\/2021\/04\/ico-300x115.png 300w, https:\/\/oncngs.eu\/wp-content\/uploads\/2021\/04\/ico-600x231.png 600w\" sizes=\"(max-width: 127px) 100vw, 127px\" \/><\/a><a href=\"https:\/\/www.uni-muenchen.de\/index.html\" target=\"_blank\" rel=\"noopener noreferrer\"><img loading=\"lazy\" decoding=\"async\" class=\"alignnone wp-image-1956\" src=\"https:\/\/oncngs.eu\/wp-content\/uploads\/2021\/04\/1200px-LMU_Muenchen_Logo.svg_-1024x536.png\" alt=\"\" width=\"84\" height=\"43\" srcset=\"https:\/\/oncngs.eu\/wp-content\/uploads\/2021\/04\/1200px-LMU_Muenchen_Logo.svg_-1024x536.png 1024w, https:\/\/oncngs.eu\/wp-content\/uploads\/2021\/04\/1200px-LMU_Muenchen_Logo.svg_-300x157.png 300w, https:\/\/oncngs.eu\/wp-content\/uploads\/2021\/04\/1200px-LMU_Muenchen_Logo.svg_-768x402.png 768w, https:\/\/oncngs.eu\/wp-content\/uploads\/2021\/04\/1200px-LMU_Muenchen_Logo.svg_-600x314.png 600w, https:\/\/oncngs.eu\/wp-content\/uploads\/2021\/04\/1200px-LMU_Muenchen_Logo.svg_.png 1200w\" sizes=\"(max-width: 84px) 100vw, 84px\" \/><\/a><img loading=\"lazy\" decoding=\"async\" class=\"alignleft wp-image-1957\" src=\"https:\/\/oncngs.eu\/wp-content\/uploads\/2021\/04\/Alleanza-Contro-il-Cancro-logo.png\" alt=\"\" width=\"110\" height=\"49\" srcset=\"https:\/\/oncngs.eu\/wp-content\/uploads\/2021\/04\/Alleanza-Contro-il-Cancro-logo.png 500w, https:\/\/oncngs.eu\/wp-content\/uploads\/2021\/04\/Alleanza-Contro-il-Cancro-logo-300x133.png 300w\" sizes=\"(max-width: 110px) 100vw, 110px\" \/><\/p>\n<p>&nbsp;<\/p>\n<p>&nbsp;<\/p>\n<p>&nbsp;<\/p>\n<p>&nbsp;<\/p>\n<p style=\"font-family: Rubik; color: black;\">Supported by 6 entities with wide experience in their fields :<\/p>\n<ul>\n<li><a title=\"Ag\u00e8ncia de Qualitat i Avaluaci\u00f3 Sanit\u00e0ries de Catalunya (AQuAS)\" href=\"https:\/\/aquas.gencat.cat\/ca\/\">Ag\u00e8ncia de Qualitat i Avaluaci\u00f3 Sanit\u00e0ries de Catalunya (AQuAS)<\/a>, expert in pre-commercial procurement (Spain)<\/li>\n<li><a href=\"https:\/\/kankerregister.org\/\">Belgian Cancer Registry<\/a>, expert in cancer control (Belgium)<\/li>\n<li><a href=\"https:\/\/www.e-cancer.fr\/\">Institut National du Cancer<\/a>, expert in cancer control (France)<\/li>\n<li><a href=\"https:\/\/ibsal.es\/es\/\">Instituto de Investigaci\u00f3n Biom\u00e9dica de Salamanca<\/a>, expert in biomedical research in the field of haematologic malignancies (Spain)<\/li>\n<li><a href=\"https:\/\/www.vallhebron.com\/es\/quienes-somos\/vall-dhebron-instituto-de-oncologia\">Valle de Hebr\u00f3n Instituto de Oncolog\u00eda<\/a>, expert in biomedical research in the field of haematologic malignancies (Spain)<\/li>\n<li><a href=\"https:\/\/www.dcp-ip.com\/\">De Clercq &amp; Partners<\/a>, expert in intellectual property rights and freedom to operate analysis (Belgium)<\/li>\n<\/ul>\n<p>&nbsp;<\/p>\n<p>&nbsp;<\/p>\n<p><img loading=\"lazy\" decoding=\"async\" class=\"alignnone wp-image-2433 \" src=\"https:\/\/oncngs.eu\/wp-content\/uploads\/2022\/12\/Logo-AQuAS_color-300x25.png\" alt=\"\" width=\"204\" height=\"17\" srcset=\"https:\/\/oncngs.eu\/wp-content\/uploads\/2022\/12\/Logo-AQuAS_color-300x25.png 300w, https:\/\/oncngs.eu\/wp-content\/uploads\/2022\/12\/Logo-AQuAS_color-1024x85.png 1024w, https:\/\/oncngs.eu\/wp-content\/uploads\/2022\/12\/Logo-AQuAS_color-768x64.png 768w, https:\/\/oncngs.eu\/wp-content\/uploads\/2022\/12\/Logo-AQuAS_color-1536x127.png 1536w, https:\/\/oncngs.eu\/wp-content\/uploads\/2022\/12\/Logo-AQuAS_color-2048x170.png 2048w, https:\/\/oncngs.eu\/wp-content\/uploads\/2022\/12\/Logo-AQuAS_color-600x50.png 600w\" sizes=\"(max-width: 204px) 100vw, 204px\" \/><a href=\"https:\/\/www.e-cancer.fr\/\" target=\"_blank\" rel=\"noopener noreferrer\"><img loading=\"lazy\" decoding=\"async\" class=\"alignleft wp-image-1950\" src=\"https:\/\/oncngs.eu\/wp-content\/uploads\/2021\/04\/institut-national-du-cancer-logo-vector.png\" alt=\"\" width=\"81\" height=\"45\" srcset=\"https:\/\/oncngs.eu\/wp-content\/uploads\/2021\/04\/institut-national-du-cancer-logo-vector.png 900w, https:\/\/oncngs.eu\/wp-content\/uploads\/2021\/04\/institut-national-du-cancer-logo-vector-300x167.png 300w, https:\/\/oncngs.eu\/wp-content\/uploads\/2021\/04\/institut-national-du-cancer-logo-vector-768x427.png 768w, https:\/\/oncngs.eu\/wp-content\/uploads\/2021\/04\/institut-national-du-cancer-logo-vector-600x333.png 600w\" sizes=\"(max-width: 81px) 100vw, 81px\" \/><\/a><a href=\"https:\/\/kankerregister.org\/\" target=\"_blank\" rel=\"noopener noreferrer\"><img loading=\"lazy\" decoding=\"async\" class=\"alignleft wp-image-1966\" src=\"https:\/\/oncngs.eu\/wp-content\/uploads\/2021\/04\/index.jpg\" alt=\"\" width=\"85\" height=\"60\" \/><\/a><a href=\"https:\/\/www.vallhebron.com\/es\/quienes-somos\/vall-dhebron-instituto-de-oncologia\" target=\"_blank\" rel=\"noopener noreferrer\"><img loading=\"lazy\" decoding=\"async\" class=\"alignleft wp-image-1953\" src=\"https:\/\/oncngs.eu\/wp-content\/uploads\/2021\/04\/VHIO_news.png\" alt=\"\" width=\"149\" height=\"39\" srcset=\"https:\/\/oncngs.eu\/wp-content\/uploads\/2021\/04\/VHIO_news.png 800w, https:\/\/oncngs.eu\/wp-content\/uploads\/2021\/04\/VHIO_news-300x79.png 300w, https:\/\/oncngs.eu\/wp-content\/uploads\/2021\/04\/VHIO_news-768x203.png 768w, https:\/\/oncngs.eu\/wp-content\/uploads\/2021\/04\/VHIO_news-600x158.png 600w\" sizes=\"(max-width: 149px) 100vw, 149px\" \/><\/a><a href=\"https:\/\/www.dcp-ip.com\/\" target=\"_blank\" rel=\"noopener noreferrer\"><img loading=\"lazy\" decoding=\"async\" class=\"alignleft wp-image-1954\" src=\"https:\/\/oncngs.eu\/wp-content\/uploads\/2021\/04\/www.dcp-ip.com_assets_images_logo.svg-1-1024x677.png\" alt=\"\" width=\"95\" height=\"63\" srcset=\"https:\/\/oncngs.eu\/wp-content\/uploads\/2021\/04\/www.dcp-ip.com_assets_images_logo.svg-1-1024x677.png 1024w, https:\/\/oncngs.eu\/wp-content\/uploads\/2021\/04\/www.dcp-ip.com_assets_images_logo.svg-1-300x198.png 300w, https:\/\/oncngs.eu\/wp-content\/uploads\/2021\/04\/www.dcp-ip.com_assets_images_logo.svg-1-768x508.png 768w, https:\/\/oncngs.eu\/wp-content\/uploads\/2021\/04\/www.dcp-ip.com_assets_images_logo.svg-1-600x397.png 600w, https:\/\/oncngs.eu\/wp-content\/uploads\/2021\/04\/www.dcp-ip.com_assets_images_logo.svg-1.png 1226w\" sizes=\"(max-width: 95px) 100vw, 95px\" \/><\/a><a href=\"https:\/\/ibsal.es\/es\/\" target=\"_blank\" rel=\"noopener noreferrer\"><img loading=\"lazy\" decoding=\"async\" class=\"alignnone wp-image-1969\" src=\"https:\/\/oncngs.eu\/wp-content\/uploads\/2021\/04\/CuwIP5PY_400x400-1.jpeg\" alt=\"\" width=\"75\" height=\"74\" srcset=\"https:\/\/oncngs.eu\/wp-content\/uploads\/2021\/04\/CuwIP5PY_400x400-1.jpeg 347w, https:\/\/oncngs.eu\/wp-content\/uploads\/2021\/04\/CuwIP5PY_400x400-1-300x300.jpeg 300w, https:\/\/oncngs.eu\/wp-content\/uploads\/2021\/04\/CuwIP5PY_400x400-1-150x150.jpeg 150w, https:\/\/oncngs.eu\/wp-content\/uploads\/2021\/04\/CuwIP5PY_400x400-1-100x100.jpeg 100w\" sizes=\"(max-width: 75px) 100vw, 75px\" \/><\/a><\/p>\n<figure class=\"wp-block-image size-large\"><\/figure>\n<p>[\/vc_column_text][\/vc_column][\/vc_row]<\/p>\n","protected":false},"excerpt":{"rendered":"[vc_row][vc_column][vc_column_text] The project OncNGS consortium wishes to develop novel affordable solutions to provide the best NGS tests, for all solid tumours \/ lymphomas patients, forever. Thanks to the provided solutions, oncNGS consortium wish to address their common identified unmet medical needs: Establishment of valuable common tumour profiling strategy allowing to provide equal access to innovative[&#8230;]","protected":false},"author":1,"featured_media":0,"parent":0,"menu_order":0,"comment_status":"closed","ping_status":"closed","template":"","meta":{"footnotes":""},"_links":{"self":[{"href":"https:\/\/oncngs.eu\/index.php\/wp-json\/wp\/v2\/pages\/658"}],"collection":[{"href":"https:\/\/oncngs.eu\/index.php\/wp-json\/wp\/v2\/pages"}],"about":[{"href":"https:\/\/oncngs.eu\/index.php\/wp-json\/wp\/v2\/types\/page"}],"author":[{"embeddable":true,"href":"https:\/\/oncngs.eu\/index.php\/wp-json\/wp\/v2\/users\/1"}],"replies":[{"embeddable":true,"href":"https:\/\/oncngs.eu\/index.php\/wp-json\/wp\/v2\/comments?post=658"}],"version-history":[{"count":92,"href":"https:\/\/oncngs.eu\/index.php\/wp-json\/wp\/v2\/pages\/658\/revisions"}],"predecessor-version":[{"id":2434,"href":"https:\/\/oncngs.eu\/index.php\/wp-json\/wp\/v2\/pages\/658\/revisions\/2434"}],"wp:attachment":[{"href":"https:\/\/oncngs.eu\/index.php\/wp-json\/wp\/v2\/media?parent=658"}],"curies":[{"name":"wp","href":"https:\/\/api.w.org\/{rel}","templated":true}]}}